*d. Give w(14).
-8
Let g(c) = 7*c + 4. Let n be g(-1). Let w(p) = -p**3 - 2*p**2 + 5*p + 3. Determine w(n).
-3
Let h(u) = u**3 - u**2 + u - 19. Let v be (0/3)/(-16 - -14). What is h(v)?
-19
Let o(s) = -s**2 - 13*s + 2. Let y be o(-13). Let p(h) = -y*h - 2*h + 4*h + h. Give p(3).
3
Let s(u) = -9 - 49*u**2 - u**3 + 36*u**2 + u + 18*u**2. Calculate s(5).
-4
Let c(w) be the third derivative of 22*w**2 - 1/24*w**4 + 0 + 0*w**3 + 0*w. What is c(-1)?
1
Let q(o) = -2*o**3 - 10*o**2 + 2*o + 3. Let n(d) = 3*d**3 + 19*d**2 - 3*d - 8. Let v(j) = -3*n(j) - 5*q(j). What is v(7)?
2
Let o(l) = l**2 - 4*l. Let i = 19 + -16. Suppose i*k = 5*k + 46. Let w = k + 26. Give o(w).
-3
Let k(v) = -2*v + 9. Let q(r) = r**3 - 13*r**2 + 9*r + 10. Let a be q(12). Let o = a + 32. What is k(o)?
-3
Suppose -12*o + 291 + 33 = 0. Suppose 4*r + 44 + 36 = 0. Let g = r + o. Let s(f) = -f + 8. Calculate s(g).
1
Let q(p) be the third derivative of -p**7/2520 - p**6/240 + p**5/24 + 5*p**4/24 + 2*p**2. Let m(i) be the second derivative of q(i). Give m(-5).
-5
Suppose -6 = -2*v - 0. Suppose 5*j + 15 = -o - 0*j, -j = v*o + 3. Let c(t) = 8 - t**2 + 5*t - 6*t - 3 + o. Give c(0).
5
Suppose -8*x = -3*x - s - 115, -4*x + 5*s = -71. Suppose 3*k + 90 = -2*k - j, j = k + x. Let w = k - -20. Let q(f) = -3*f**3 - f**2 + 2*f - 1. Calculate q(w).
-3
Let j(n) be the first derivative of 1/2*n**2 - 9 - 9*n. Suppose -4*z + 2*g - 4*g - 8 = 0, -4*g - 16 = -2*z. Give j(z).
-9
Let h(k) = -k**2 + 2*k + 4. Suppose 2*x - 5*o = x - 321, -2*x + 2*o = 666. Let z be (-3)/(-5) - x/140. What is h(z)?
1
Let u(n) = n**3 + 10*n**2 - 12*n - 26. Let a be u(-11). Let o(q) = q**3 + 14*q**2 - 15*q + 6. Give o(a).
6
Let k(j) = 7*j - 3. Let m(b) = -b. Let l(s) = k(s) + 6*m(s). Let r(h) = h**3 + 2*h**2 + h + 9. Let g be r(0). Suppose -11*z + g*z + 8 = 0. Calculate l(z).
1
Let j(f) = -f**2 + 5*f - 1. Let h be j(4). Suppose 0 = -8*m + 3 + 13. Let r(l) = -l**3 + 4*l**m + 0*l**3 - 8 + 2 + 3. What is r(h)?
6
Let v(d) be the third derivative of d**4/8 + 11*d**3/6 - 191*d**2. Determine v(-5).
-4
Let l(g) = g + 10. Let n(t) = 30*t - 246. Let j be n(8). Determine l(j).
4
Suppose -n - 52 = -51. Let p(v) = 8*v + 1. Give p(n).
-7
Let s be (3/(-6))/((-4)/8). Let c(t) = -9 + s + 7 + t. What is c(-5)?
-6
Let j(m) be the third derivative of -m**7/2520 - m**6/360 + m**5/40 + 5*m**4/4 - 4*m**2. Let d(r) be the second derivative of j(r). What is d(-3)?
0
Let d(r) = 5*r**2 - 5*r + 5 - r**2 - 3*r**2 + 3 - 6. Give d(5).
2
Let g(b) be the first derivative of b**4/4 - b**3/3 + 10*b + 4. Suppose 0 = -3*u + 4 + 8. Suppose -u = -2*h + 2, 4*h = 5*x + 12. Determine g(x).
10
Suppose -3*v + 0*v = 0. Let f be 4 + 0 - 3 - -8. Suppose 3*o = -v*o - f. Let y(j) = j**2 + 4*j + 4. What is y(o)?
1
Let t(r) = r**3 + 15*r**2 - 16. Let d be t(-15). Let n be ((-7)/(-2))/(8/d). Let a(u) = u + 3. What is a(n)?
-4
Let d be (-4)/(-2) + 2 + 1. Let p(c) = d - 6*c + 3*c + c + 0*c. What is p(4)?
-3
Let k(w) = w**3 + 10*w**2 - 13*w + 8. Let b be k(-11). Let x = 30 - b. Let v(c) = -c**2 - c + 3. Give v(x).
3
Let z(s) = -2*s**3 - 2*s + 24. Let d(g) = g**3 + g - 12. Let r(j) = 7*d(j) + 4*z(j). Let v = 25 - 25. Give r(v).
12
Let f(q) = q. Let s(z) be the first derivative of -z**2 + 23*z + 1. Let u be s(10). Give f(u).
3
Let f(s) = -s**3 + 5*s**2 - s - 6. Let d be f(4). Let g = 0 - -2. Let j(x) = -4*x**2 - 5*x + 0*x**2 + g + 1 + d*x**2. What is j(3)?
6
Let y(f) = f**2 - 26*f - 22. Let u be y(27). Let q(l) = 9*l - 36. What is q(u)?
9
Let d(r) = 4*r**2 - r + 3. Let m(i) = 3 + i**2 - 5*i + 4*i + 2*i**2. Let b(w) = 4*d(w) - 5*m(w). What is b(-3)?
3
Let a(j) = j - 1. Let n(l) = -l**3 - 7*l**2 + 8*l - 5. Suppose 4*f + 2*g + 52 = -3*g, 0 = -4*f - 3*g - 44. Let i be n(f). Give a(i).
-6
Suppose -158 = 12*r - 122. Let o(w) = 6*w + 4. Give o(r).
-14
Suppose 37*u - 4 = 35*u. Let a(n) = -u - 7*n + 8*n - 4*n + 4*n. What is a(8)?
6
Let u = 173 - 178. Let y(o) = o**2 + 2*o - 2. Calculate y(u).
13
Let p(t) = 15*t**2 - 3*t + 6. Let k(u) = -19*u**2 + 3*u - 5. Let f(i) = -4*k(i) - 5*p(i). Let s(b) = b**3 - 5*b**2 + 2*b + 1. Let y be s(4). Determine f(y).
18
Let f = -24 - -25. Let r(t) = -7*t**2 + t - 8 + f + 8. Let m be -1 - 0*(2 + -1). Calculate r(m).
-7
Let h(z) = -5*z**3 + z**2 - 2*z + 8. Let x(d) = d**3 + d**2 - 1. Let q(b) = -h(b) - 4*x(b). Let f(s) = s + 4. Let u be f(4). Suppose 2*g - 2 = u. What is q(g)?
6
Let n(c) = 22*c - 2. Suppose -4*g = l + 13, -5*g - 8 - 5 = -2*l. What is n(g)?
-68
Let o(k) = k**3 - 3*k**2 - 2*k - 5. Let v = 81 + -42. Suppose 5*w - 3*h = v, -w + h + 12 = -h. Suppose w*z - 4*z = 8. Determine o(z).
3
Suppose 0 = -5*k - 0*k + 40. Suppose p + 6 = s, -2*s + k = -2*p - p. Suppose 3*q - s = 5*q. Let x(u) = u**2 + 7*u + 6. What is x(q)?
-4
Let d(s) = -16*s + 1. Let n(b) = 3*b**2 - 67*b - 48. Let z be n(23). Calculate d(z).
33
Let u(n) = -n - 13. Let o be u(-13). Let c(q) = q + 928 - 913 + o*q. Give c(0).
15
Let n(w) = -3*w + 1. Suppose h + 2*k = 4*k, 5*h + 5*k = 15. Suppose 11 = h*f + 3. Determine n(f).
-11
Let o be 8 - 7/((-14)/(-20)). Let i(h) = h - 2*h - 2*h**2 + 0*h. Determine i(o).
-6
Let k(g) be the first derivative of 65*g - 11 - g**2 + 65*g - 129*g. What is k(-4)?
9
Let t(u) be the third derivative of u**5/60 - 3*u**3/2 + 258*u**2. Determine t(3).
0
Let r be 2/(-13) - ((-432)/(-234) - -2). Let i(s) = s**3 + 5*s**2 - 3*s + 3. What is i(r)?
31
Let h(y) = y**3 - 6*y**2 - 9*y - 2. Let p be 25/3 + 4/(-3). Give h(p).
-16
Let u(w) = w**3 + 10*w**2 - 9*w + 16. Let r be u(-11). Let v(a) = -5 - a**2 - 13 - 5*a - 10 + 26. Give v(r).
-8
Let a(j) = -9*j + 1. Let k(o) = o. Suppose 18*z - 16*z - 8 = 0. Let q(u) = z*k(u) - a(u). Determine q(1).
12
Let s(d) = -2*d - 5. Let a(w) = w**3 - 12*w**2 - 7*w - 18. Let b be a(10). Let z be 4/6*b/64. Give s(z).
1
Let s be (-15)/(-2) - 1/2. Let l(v) = 4*v + 5. Give l(s).
33
Let l(m) = -2*m + 12. Suppose 11*o - 6*o = 8*o. Suppose o = 95*r - 93*r - 18. Determine l(r).
-6
Let l(u) = -3*u**3 + 7*u**2 + 12*u + 2. Let x(a) = -2*a**3 + 4*a**2 + 8*a + 1. Let y(w) = 5*l(w) - 8*x(w). Determine y(-4).
2
Let x(p) be the third derivative of p**5/60 - p**4/6 - p**3/2 + 84*p**2. What is x(3)?
-6
Let k(w) = 6*w - 44. Suppose -25 = -2*j + 3*a, 88*a = j + 89*a - 5. What is k(j)?
4
Let q(r) = -r**3 + 3*r**2 + r - 3. Let g be q(2). Let b(z) = -z + z**3 + 2*z + 0*z**g + 8 + 5*z**2 - 9. Suppose -6*a + 10*a + 20 = 0. Calculate b(a).
-6
Let y(h) be the second derivative of 6*h + 0*h**4 - 1/20*h**5 + 0 - 1/2*h**2 - 1/3*h**3. Give y(-1).
2
Suppose -8*q - 3 = -27. Suppose -3*j - 4*n = 7 + q, -2*n = -j. Let r(b) be the first derivative of 5*b**2/2 + b + 1. Determine r(j).
-9
Let q be 2/(8/4) - -1. Let p(x) = 0*x**3 + 12*x - x**3 - 1 - 4*x**q - 7*x. Suppose -5*n + 0*n = 25. Calculate p(n).
-1
Suppose -166 = -53*k - 484. Let t(a) be the second derivative of 2*a**3/3 + 3*a**2/2 - a. Give t(k).
-21
Suppose j = 5*j, j = 2*u - 8. Suppose 3*t = -2*t - 3*s - 13, -u = 4*s. Let r(o) be the second derivative of -o**4/6 - o**3/6 - o. Calculate r(t).
-6
Let a be (0 - 0/3)*-1. Suppose 0 = 2*s - 2 - a. Let k(x) = 545 - 545 - x. Determine k(s).
-1
Let b(y) be the third derivative of -y**6/720 - 7*y**5/60 + y**4/24 - 7*y**3/2 - 2*y**2 + 18. Let z(i) be the second derivative of b(i). Give z(-8).
-6
Let p(i) = 6*i**3 - i. Suppose -l - 105 = 2*h, -2*h + 0*h = 0. Let k be l/75 - 4/(-10). What is p(k)?
-5
Let v = 34 + -33. Let g be v + 7/(-1) + 0. Let z(p) = p + 3. Determine z(g).
-3
Let h = 17 - 18. Let l(o) = -2*o**2 + 5*o + 2. Give l(h).
-5
Let c(p) be the second derivative of -4*p**4/3 + p**3/6 - 552*p. What is c(-1)?
-17
Let g(x) be the first derivative of x**3 + x**2 - x + 327. Suppose 0 = -3*i - 5*n + 23, -3*i - 3*n + 1 = -20. Let l = i + -4. Determine g(l).
15
Let c(z) = 7*z**3 - 5 - 3*z**3 - 5*z**2 + 8*z - 2*z**2 - 3*z**3. Let u be 23/3 + 4/12. Let p = 14 - u. Determine c(p).
7
Let q = -7 - -19. Let p = 104 + -96. Suppose -p + q = 4*v. Let k(d) = 4*d. Determine k(v).
4
Let b(y) = y + 17. Let l(j) = 53*j + 418. Let s be l(-8). Calculate b(s).
11
Let u(a) = 5*a**2 - 106*a + 20. Let f be u(21). Let w(j) = 7*j**3 + j**2 + 3*j + 2. What is w(f)?
-7
Suppose -3*w + 16 = b, -2*w - 4*b + 36 = 3*w. Suppose -3*i = -4*z - 2, -w*i - 4*z = i - 14. Let d(m) = m**3 - 2*m**2 + 3*m - 3. Give d(i).
3
L